{"id":625,"date":"2024-04-24T23:23:48","date_gmt":"2024-04-24T21:23:48","guid":{"rendered":"https:\/\/chiquitania-turistica.online\/?page_id=625"},"modified":"2024-09-25T11:05:17","modified_gmt":"2024-09-25T09:05:17","slug":"historia-orbigny","status":"publish","type":"page","link":"https:\/\/chiquitania-turistica.online\/index.php\/historia-orbigny\/","title":{"rendered":"D&rsquo;orbigny y la provincia Chiquitos"},"content":{"rendered":"\n<!-- clock widget start -->\n<script type=\"text\/javascript\"> var css_file=document.createElement(\"link\"); css_file.setAttribute(\"rel\",\"stylesheet\"); css_file.setAttribute(\"type\",\"text\/css\"); css_file.setAttribute(\"href\",\"https:\/\/s.bookcdn.com\/\/css\/cl\/bw-cl-c22.css?v=0.0.1\"); document.getElementsByTagName(\"head\")[0].appendChild(css_file); <\/script> <div id=\"tw_22_114177258\"><div style=\"width:200px; height:px; margin: 0 auto;\"><a href=\"https:\/\/hotelmix.es\/time\/la-paz-13481\">La Paz<\/a><br\/><\/div><\/div> <script type=\"text\/javascript\"> function setWidgetData_114177258(data){ if(typeof(data) != 'undefined' && data.results.length > 0) { for(var i = 0; i < data.results.length; ++i) { var objMainBlock = ''; var params = data.results[i]; objMainBlock = document.getElementById('tw_'+params.widget_type+'_'+params.widget_id); if(objMainBlock !== null) objMainBlock.innerHTML = params.html_code; } } } var clock_timer_114177258 = -1; widgetSrc = \"https:\/\/widgets.booked.net\/time\/info?ver=2;domid=582;type=22;id=114177258;scode=;city_id=;wlangid=4;mode=1;details=0;background=ffffff;border_color=ffffff;color=686868;add_background=ffffff;add_color=333333;head_color=ffffff;border=0;transparent=0\"; var widgetUrl = location.href; widgetSrc += '&#038;ref=' + widgetUrl; var wstrackId = \"\"; if (wstrackId) { widgetSrc += ';wstrackId=' + wstrackId + ';' } var timeBookedScript = document.createElement(\"script\"); timeBookedScript.setAttribute(\"type\", \"text\/javascript\"); timeBookedScript.src = widgetSrc; document.body.appendChild(timeBookedScript); <\/script>\n<!-- clock widget end -->\n\n\n\n<h1 class=\"wp-block-heading has-text-align-center\">Alcide d'Orbigny \"El Historiador\" de la provincia de Chiquitos<\/h1>\n\n\n\n<p>(Alcide Dessalines d'Orbigny; Cou\u00ebron, 1802 - Pierrefitte-sur-Seine, 1857) Ge\u00f3logo y paleont\u00f3logo franc\u00e9s, considerado el fundador de la micropaleontolog\u00eda y de la sistematizaci\u00f3n de la paleontolog\u00eda estratigr\u00e1fica. Estudi\u00f3 humanidades, pero desde muy joven desarroll\u00f3 una gran afici\u00f3n por la historia natural; con tan solo veinte a\u00f1os present\u00f3 una memoria en la Sociedad de Par\u00eds donde defin\u00eda un nuevo g\u00e9nero de moluscos gaster\u00f3podos.<\/p>\n\n\n\n<figure class=\"wp-block-embed aligncenter is-type-video is-provider-youtube wp-block-embed-youtube wp-embed-aspect-16-9 wp-has-aspect-ratio\"><div class=\"wp-block-embed__wrapper\">\n<iframe  style=\"display: block; margin: 0px auto;\"  id=\"_ytid_88722\"  width=\"800\" height=\"450\"  data-origwidth=\"800\" data-origheight=\"450\"  data-relstop=\"1\" src=\"https:\/\/www.youtube.com\/embed\/KcSW7g_M7rs?enablejsapi=1&#038;autoplay=0&#038;cc_load_policy=0&#038;cc_lang_pref=&#038;iv_load_policy=1&#038;loop=0&#038;rel=0&#038;fs=1&#038;playsinline=0&#038;autohide=2&#038;theme=dark&#038;color=red&#038;controls=1&#038;disablekb=0&#038;\" class=\"__youtube_prefs__  epyt-is-override  no-lazyload\" title=\"YouTube player\"  allow=\"fullscreen; accelerometer; autoplay; clipboard-write; encrypted-media; gyroscope; picture-in-picture; web-share\" referrerpolicy=\"strict-origin-when-cross-origin\" allowfullscreen data-no-lazy=\"1\" data-skipgform_ajax_framebjll=\"\"><\/iframe>\n<\/div><\/figure>\n\n\n\n<p>Comisionado para realizar un viaje cient\u00edfico por Sudam\u00e9rica entre 1826-1834, a su regreso fue premiado por la Sociedad de Geograf\u00eda y encargado de publicar los trabajos que resultaron de dicha expedici\u00f3n; este trabajo compuesto de diez vol\u00famenes fue presentado en 1847 bajo el t\u00edtulo de&nbsp;<em>Viaje por Am\u00e9rica meridional<\/em>.<\/p>\n\n\n\n<figure class=\"wp-block-embed aligncenter is-type-video is-provider-youtube wp-block-embed-youtube wp-embed-aspect-4-3 wp-has-aspect-ratio\"><div class=\"wp-block-embed__wrapper\">\n<iframe  style=\"display: block; margin: 0px auto;\"  id=\"_ytid_95187\"  width=\"800\" height=\"450\"  data-origwidth=\"800\" data-origheight=\"450\"  data-relstop=\"1\" src=\"https:\/\/www.youtube.com\/embed\/t3ORSgwVQyA?enablejsapi=1&#038;autoplay=0&#038;cc_load_policy=0&#038;cc_lang_pref=&#038;iv_load_policy=1&#038;loop=0&#038;rel=0&#038;fs=1&#038;playsinline=0&#038;autohide=2&#038;theme=dark&#038;color=red&#038;controls=1&#038;disablekb=0&#038;\" class=\"__youtube_prefs__  epyt-is-override  no-lazyload\" title=\"YouTube player\"  allow=\"fullscreen; accelerometer; autoplay; clipboard-write; encrypted-media; gyroscope; picture-in-picture; web-share\" referrerpolicy=\"strict-origin-when-cross-origin\" allowfullscreen data-no-lazy=\"1\" data-skipgform_ajax_framebjll=\"\"><\/iframe>\n<\/div><\/figure>\n\n\n\n<p>En dicha publicaci\u00f3n enunci\u00f3 los fundamentos de la paleontolog\u00eda estratigr\u00e1fica; en atenci\u00f3n a las observaciones realizadas en la cuenca de Panam\u00e1, Orbigny promulg\u00f3 que los estratos de las rocas sedimentarias hab\u00edan sido depositados en sucesivos per\u00edodos de tiempo durante la historia geol\u00f3gica, que pod\u00edan caracterizarse mediante la dataci\u00f3n de los f\u00f3siles contenidos en ellos. Fue el primero en dividir las formaciones sedimentarias seg\u00fan niveles depositados con fauna f\u00f3sil completamente independiente, seg\u00fan una concepci\u00f3n catastrofista.<\/p>\n\n\n\n<p>Tambi\u00e9n est\u00e1 considerado como el precursor del estudi\u00f3 de microf\u00f3siles (granos de polen, esporas y peque\u00f1os f\u00f3siles marinos) presentes en niveles sedimentarios, para conseguir su dataci\u00f3n. Dio origen as\u00ed a la micropaleontolog\u00eda, disciplina cuya aplicaci\u00f3n ha alcanzado su mayor desarrollo en la prospecci\u00f3n petrol\u00edfera.<\/p>\n\n\n\n<p> A mediados del siglo XIX realiz\u00f3 una s\u00edntesis estratigr\u00e1fica de los terrenos jur\u00e1sicos y cret\u00e1cicos correspondientes al noroeste europeo, en la que sigui\u00f3 un esquema similar al adopado actualmente por la Comisi\u00f3n Internacional de Estratigraf\u00eda y defini\u00f3 las siguientes unidades: Sinemuriense, Toarciense, Bajociense, Bathoniense, Calloviense, Kimmeridgiense, Oxfordiense y Tith\u00f3nico en el sistema Jur\u00e1sico; y Aptiense, Albiense, Urgoniense y Senoniense en el sistema Cret\u00e1cico.<\/p>\n\n\n\n<p>En 1853 fund\u00f3 la c\u00e1tedra de paleontolog\u00eda en el Jard\u00edn de Plantas. Lleg\u00f3 a presidir la Sociedad Geol\u00f3gica y perteneci\u00f3 a otras muchas sociedades cient\u00edficas. Como escritor cient\u00edfico fue muy prol\u00edfico; colabor\u00f3 en numerosas publicaciones y fue autor de diversas obras. Su&nbsp;<em>Paleontolog\u00eda francesa<\/em>&nbsp;(1840-1854) est\u00e1 considerada como una obra cumbre de la paleontolog\u00eda. Son tambi\u00e9n dignas de menci\u00f3n&nbsp;<em>Clasificaci\u00f3n metodol\u00f3gica de la clase cefal\u00f3podos<\/em>&nbsp;(1826),&nbsp;<em>Monograf\u00eda sobre el cefal\u00f3podo Cryptodibranches<\/em>&nbsp;(1839),&nbsp;<em>Historia general y particular de Crinoides vivos y f\u00f3siles<\/em>&nbsp;(1840),&nbsp;<em>Moluscos vivos y f\u00f3siles<\/em>&nbsp;(1845),&nbsp;<em>Foramin\u00edferos f\u00f3siles de la cuenca de Viena en Austria<\/em>&nbsp;(1846) y&nbsp;<em>Curso elemental de paleontolog\u00eda<\/em>&nbsp;(1849-52).<\/p>\n\n\n\n<div data-wp-interactive=\"core\/file\" class=\"wp-block-file aligncenter\"><object data-wp-bind--hidden=\"!state.hasPdfPreview\" hidden class=\"wp-block-file__embed\" data=\"https:\/\/chiquitania-turistica.online\/wp-content\/uploads\/2024\/04\/Alcide-D-Orbigny-Viajes-por-Bolivia-Tomo-1.pdf\" type=\"application\/pdf\" style=\"width:100%;height:600px\" aria-label=\"Contenu embarqu\u00e9 Alcide-D-Orbigny-Viajes-por-Bolivia-Tomo-1.\"><\/object><a id=\"wp-block-file--media-2f4576c2-f1e6-4f32-97e8-96ce22d0eaa6\" href=\"https:\/\/chiquitania-turistica.online\/wp-content\/uploads\/2024\/04\/Alcide-D-Orbigny-Viajes-por-Bolivia-Tomo-1.pdf\">Alcide-D-Orbigny-Viajes-por-Bolivia-Tomo-1<\/a><a href=\"https:\/\/chiquitania-turistica.online\/wp-content\/uploads\/2024\/04\/Alcide-D-Orbigny-Viajes-por-Bolivia-Tomo-1.pdf\" class=\"wp-block-file__button wp-element-button\" download aria-describedby=\"wp-block-file--media-2f4576c2-f1e6-4f32-97e8-96ce22d0eaa6\">T\u00e9l\u00e9charger<\/a><\/div>\n\n\n\n<p><strong>Citar este art\u00edculo:<\/strong><br>Fern\u00e1ndez, Tom\u00e1s y Tamaro, Elena. \u00abBiografia de Alcide d'Orbigny\u00bb. En&nbsp;<em>Biograf\u00edas y Vidas. La enciclopedia biogr\u00e1fica en l\u00ednea<\/em>&nbsp;[Internet]. Barcelona, Espa\u00f1a, 2004. Disponible en&nbsp;<a href=\"https:\/\/www.biografiasyvidas.com\/biografia\/o\/orbigny.htm\">https:\/\/www.biografiasyvidas.com\/biografia\/o\/orbigny.htm<\/a>&nbsp;[fecha de acceso:&nbsp;24 de abril de 2024].<\/p>\n\n\n\n<p><strong>Bibliograf\u00eda autorizada<\/strong>   <a href=\"https:\/\/books.openedition.org\/ifea\/3851\">https:\/\/books.openedition.org\/ifea\/3851<\/a><\/p>\n\n\n\n<iframe src=\"https:\/\/pueblosoriginarios.com\/recursos\/mapas\/gran_chaco\/chiquitos.html\" style=\"border:0px #ffffff none;\" name=\"myiFrame\" scrolling=\"no\" frameborder=\"1\" marginheight=\"0px\" marginwidth=\"0px\" height=\"600px\" width=\"1500px\" allowfullscreen><\/iframe>\n\n\n\n<p><\/p>\n\n\n\n<iframe src=\"https:\/\/pueblosoriginarios.com\/sur\/chaco\/chiquitano\/chiquitano.html\" style=\"border:0px #ffffff none;\" name=\"myiFrame\" scrolling=\"no\" frameborder=\"1\" marginheight=\"0px\" marginwidth=\"0px\" height=\"600px\" width=\"1500px\" allowfullscreen><\/iframe>\n\n\n\n<p><\/p>\n\n\n\n<iframe src=\"https:\/\/pueblosoriginarios.com\/textos\/chiquitos\/camino.html\" style=\"border:0px #ffffff none;\" name=\"myiFrame\" scrolling=\"no\" frameborder=\"1\" marginheight=\"0px\" marginwidth=\"0px\" height=\"600px\" width=\"1500px\" allowfullscreen><\/iframe>\n\n\n\n<p><\/p>\n\n\n\n<iframe src=\"https:\/\/pueblosoriginarios.com\/lenguas\/chiquitano.php\" style=\"border:0px #ffffff none;\" name=\"myiFrame\" scrolling=\"no\" frameborder=\"1\" marginheight=\"0px\" marginwidth=\"0px\" height=\"600px\" width=\"1500px\" allowfullscreen><\/iframe>\n\n\n\n<p><\/p>\n\n\n\n<iframe src=\"https:\/\/pueblosoriginarios.com\/sur\/chaco\/chiquitano\/musica.html\" style=\"border:0px #ffffff none;\" name=\"myiFrame\" scrolling=\"no\" frameborder=\"1\" marginheight=\"0px\" marginwidth=\"0px\" height=\"600px\" width=\"1500px\" allowfullscreen><\/iframe>\n\n\n\n<p><\/p>\n\n\n\n<iframe src=\"https:\/\/pueblosoriginarios.com\/textos\/chiquitos\/corazon.html\" style=\"border:0px #ffffff none;\" name=\"myiFrame\" scrolling=\"no\" frameborder=\"1\" marginheight=\"0px\" marginwidth=\"0px\" height=\"600px\" width=\"1500px\" allowfullscreen><\/iframe>\n\n\n\n<p><\/p>\n\n\n\n<iframe src=\"https:\/\/pueblosoriginarios.com\/textos\/chiquitos\/san-miguel.html\" style=\"border:0px #ffffff none;\" name=\"myiFrame\" scrolling=\"no\" frameborder=\"1\" marginheight=\"0px\" marginwidth=\"0px\" height=\"600px\" width=\"1500px\" allowfullscreen><\/iframe>\n\n\n\n<p><\/p>\n\n\n\n<iframe src=\"https:\/\/pueblosoriginarios.com\/textos\/chiquitos\/partida.html\" style=\"border:0px #ffffff none;\" name=\"myiFrame\" scrolling=\"no\" frameborder=\"1\" marginheight=\"0px\" marginwidth=\"0px\" height=\"600px\" width=\"1500px\" allowfullscreen><\/iframe>\n\n\n\n<p><\/p>\n\n\n\n<iframe src=\"https:\/\/pueblosoriginarios.com\/textos\/chiquitos\/santiago.html\" style=\"border:0px #ffffff none;\" name=\"myiFrame\" scrolling=\"no\" frameborder=\"1\" marginheight=\"0px\" marginwidth=\"0px\" height=\"600px\" width=\"1500px\" allowfullscreen><\/iframe>\n\n\n\n<p><\/p>\n\n\n\n<iframe src=\"https:\/\/pueblosoriginarios.com\/sur\/chaco\/ayoreo\/ayoreo.html\" style=\"border:0px #ffffff none;\" name=\"myiFrame\" scrolling=\"no\" frameborder=\"1\" marginheight=\"0px\" marginwidth=\"0px\" height=\"600px\" width=\"1500px\" allowfullscreen><\/iframe>\n\n\n\n<p><\/p>\n\n\n\n<iframe src=\"https:\/\/pueblosoriginarios.com\/sur\/chaco\/historia\/reducciones.html\" style=\"border:0px #ffffff none;\" name=\"myiFrame\" scrolling=\"no\" frameborder=\"1\" marginheight=\"0px\" marginwidth=\"0px\" height=\"600px\" width=\"1500px\" allowfullscreen><\/iframe>\n\n\n\n<p><\/p>\n\n\n\n<iframe src=\"https:\/\/pueblosoriginarios.com\/sur\/chaco\/chiriguano\/historia2.html\" style=\"border:0px #ffffff none;\" name=\"myiFrame\" scrolling=\"no\" frameborder=\"1\" marginheight=\"0px\" marginwidth=\"0px\" height=\"600px\" width=\"1500px\" allowfullscreen><\/iframe>\n\n\n\n<p><\/p>\n\n\n\n<iframe src=\"https:\/\/pueblosoriginarios.com\/sur\/chaco\/chiquitano\/apicultura.html\" style=\"border:0px #ffffff none;\" name=\"myiFrame\" scrolling=\"no\" frameborder=\"1\" marginheight=\"0px\" marginwidth=\"0px\" height=\"600px\" width=\"1500px\" allowfullscreen><\/iframe>\n\n\n\n<p><\/p>\n\n\n\n<iframe src=\"https:\/\/pueblosoriginarios.com\/enlaces\/culturas2.php\" style=\"border:0px #ffffff none;\" name=\"myiFrame\" scrolling=\"no\" frameborder=\"1\" marginheight=\"0px\" marginwidth=\"0px\" height=\"600px\" width=\"1500px\" allowfullscreen><\/iframe>\n","protected":false},"excerpt":{"rendered":"<p>La Paz Alcide d&rsquo;Orbigny \u00ab\u00a0El Historiador\u00a0\u00bb de la provincia de Chiquitos (Alcide Dessalines d&rsquo;Orbigny; Cou\u00ebron, 1802 &#8211; Pierrefitte-sur-Seine, 1857) Ge\u00f3logo y paleont\u00f3logo franc\u00e9s, considerado el fundador de la micropaleontolog\u00eda y de la sistematizaci\u00f3n de la paleontolog\u00eda estratigr\u00e1fica. Estudi\u00f3 humanidades, pero desde muy joven desarroll\u00f3 una gran afici\u00f3n por la historia natural; con tan solo veinte [&hellip;]<\/p>\n","protected":false},"author":1,"featured_media":0,"parent":0,"menu_order":0,"comment_status":"closed","ping_status":"closed","template":"","meta":{"footnotes":""},"class_list":["post-625","page","type-page","status-publish","hentry"],"yoast_head":"<!-- This site is optimized with the Yoast SEO plugin v26.8 - https:\/\/yoast.com\/product\/yoast-seo-wordpress\/ -->\n<title>D&#039;orbigny y la provincia Chiquitos - chiquitania-turistica.online<\/title>\n<meta name=\"robots\" content=\"index, follow, max-snippet:-1, max-image-preview:large, max-video-preview:-1\" \/>\n<link rel=\"canonical\" href=\"https:\/\/chiquitania-turistica.online\/index.php\/historia-orbigny\/\" \/>\n<meta property=\"og:locale\" content=\"fr_FR\" \/>\n<meta property=\"og:type\" content=\"article\" \/>\n<meta property=\"og:title\" content=\"D&#039;orbigny y la provincia Chiquitos - chiquitania-turistica.online\" \/>\n<meta property=\"og:description\" content=\"La Paz Alcide d&#039;Orbigny &quot;El Historiador&quot; de la provincia de Chiquitos (Alcide Dessalines d&#039;Orbigny; Cou\u00ebron, 1802 - Pierrefitte-sur-Seine, 1857) Ge\u00f3logo y paleont\u00f3logo franc\u00e9s, considerado el fundador de la micropaleontolog\u00eda y de la sistematizaci\u00f3n de la paleontolog\u00eda estratigr\u00e1fica. Estudi\u00f3 humanidades, pero desde muy joven desarroll\u00f3 una gran afici\u00f3n por la historia natural; con tan solo veinte [&hellip;]\" \/>\n<meta property=\"og:url\" content=\"https:\/\/chiquitania-turistica.online\/index.php\/historia-orbigny\/\" \/>\n<meta property=\"og:site_name\" content=\"chiquitania-turistica.online\" \/>\n<meta property=\"article:publisher\" content=\"https:\/\/www.facebook.com\/INGENIERIA4.0\/\" \/>\n<meta property=\"article:modified_time\" content=\"2024-09-25T09:05:17+00:00\" \/>\n<meta name=\"twitter:card\" content=\"summary_large_image\" \/>\n<meta name=\"twitter:label1\" content=\"Dur\u00e9e de lecture estim\u00e9e\" \/>\n\t<meta name=\"twitter:data1\" content=\"3 minutes\" \/>\n<script type=\"application\/ld+json\" class=\"yoast-schema-graph\">{\"@context\":\"https:\/\/schema.org\",\"@graph\":[{\"@type\":\"WebPage\",\"@id\":\"https:\/\/chiquitania-turistica.online\/index.php\/historia-orbigny\/\",\"url\":\"https:\/\/chiquitania-turistica.online\/index.php\/historia-orbigny\/\",\"name\":\"D'orbigny y la provincia Chiquitos - chiquitania-turistica.online\",\"isPartOf\":{\"@id\":\"https:\/\/chiquitania-turistica.online\/#website\"},\"datePublished\":\"2024-04-24T21:23:48+00:00\",\"dateModified\":\"2024-09-25T09:05:17+00:00\",\"breadcrumb\":{\"@id\":\"https:\/\/chiquitania-turistica.online\/index.php\/historia-orbigny\/#breadcrumb\"},\"inLanguage\":\"fr-FR\",\"potentialAction\":[{\"@type\":\"ReadAction\",\"target\":[\"https:\/\/chiquitania-turistica.online\/index.php\/historia-orbigny\/\"]}]},{\"@type\":\"BreadcrumbList\",\"@id\":\"https:\/\/chiquitania-turistica.online\/index.php\/historia-orbigny\/#breadcrumb\",\"itemListElement\":[{\"@type\":\"ListItem\",\"position\":1,\"name\":\"Accueil\",\"item\":\"https:\/\/chiquitania-turistica.online\/\"},{\"@type\":\"ListItem\",\"position\":2,\"name\":\"D&rsquo;orbigny y la provincia Chiquitos\"}]},{\"@type\":\"WebSite\",\"@id\":\"https:\/\/chiquitania-turistica.online\/#website\",\"url\":\"https:\/\/chiquitania-turistica.online\/\",\"name\":\"chiquitania-turistica.online\",\"description\":\"Webgu\u00eda de la Chiquitania\",\"publisher\":{\"@id\":\"https:\/\/chiquitania-turistica.online\/#organization\"},\"potentialAction\":[{\"@type\":\"SearchAction\",\"target\":{\"@type\":\"EntryPoint\",\"urlTemplate\":\"https:\/\/chiquitania-turistica.online\/?s={search_term_string}\"},\"query-input\":{\"@type\":\"PropertyValueSpecification\",\"valueRequired\":true,\"valueName\":\"search_term_string\"}}],\"inLanguage\":\"fr-FR\"},{\"@type\":\"Organization\",\"@id\":\"https:\/\/chiquitania-turistica.online\/#organization\",\"name\":\"chiquitania-turistica.online\",\"url\":\"https:\/\/chiquitania-turistica.online\/\",\"logo\":{\"@type\":\"ImageObject\",\"inLanguage\":\"fr-FR\",\"@id\":\"https:\/\/chiquitania-turistica.online\/#\/schema\/logo\/image\/\",\"url\":\"https:\/\/i0.wp.com\/chiquitania-turistica.online\/wp-content\/uploads\/2024\/04\/cropped-logo.jpg?fit=198%2C138&ssl=1\",\"contentUrl\":\"https:\/\/i0.wp.com\/chiquitania-turistica.online\/wp-content\/uploads\/2024\/04\/cropped-logo.jpg?fit=198%2C138&ssl=1\",\"width\":198,\"height\":138,\"caption\":\"chiquitania-turistica.online\"},\"image\":{\"@id\":\"https:\/\/chiquitania-turistica.online\/#\/schema\/logo\/image\/\"},\"sameAs\":[\"https:\/\/www.facebook.com\/INGENIERIA4.0\/\",\"https:\/\/chat.whatsapp.com\/Ci7D06NFHtG9cd3oBZo1iQ\"]}]}<\/script>\n<!-- \/ Yoast SEO plugin. -->","yoast_head_json":{"title":"D'orbigny y la provincia Chiquitos - chiquitania-turistica.online","robots":{"index":"index","follow":"follow","max-snippet":"max-snippet:-1","max-image-preview":"max-image-preview:large","max-video-preview":"max-video-preview:-1"},"canonical":"https:\/\/chiquitania-turistica.online\/index.php\/historia-orbigny\/","og_locale":"fr_FR","og_type":"article","og_title":"D'orbigny y la provincia Chiquitos - chiquitania-turistica.online","og_description":"La Paz Alcide d'Orbigny \"El Historiador\" de la provincia de Chiquitos (Alcide Dessalines d'Orbigny; Cou\u00ebron, 1802 - Pierrefitte-sur-Seine, 1857) Ge\u00f3logo y paleont\u00f3logo franc\u00e9s, considerado el fundador de la micropaleontolog\u00eda y de la sistematizaci\u00f3n de la paleontolog\u00eda estratigr\u00e1fica. Estudi\u00f3 humanidades, pero desde muy joven desarroll\u00f3 una gran afici\u00f3n por la historia natural; con tan solo veinte [&hellip;]","og_url":"https:\/\/chiquitania-turistica.online\/index.php\/historia-orbigny\/","og_site_name":"chiquitania-turistica.online","article_publisher":"https:\/\/www.facebook.com\/INGENIERIA4.0\/","article_modified_time":"2024-09-25T09:05:17+00:00","twitter_card":"summary_large_image","twitter_misc":{"Dur\u00e9e de lecture estim\u00e9e":"3 minutes"},"schema":{"@context":"https:\/\/schema.org","@graph":[{"@type":"WebPage","@id":"https:\/\/chiquitania-turistica.online\/index.php\/historia-orbigny\/","url":"https:\/\/chiquitania-turistica.online\/index.php\/historia-orbigny\/","name":"D'orbigny y la provincia Chiquitos - chiquitania-turistica.online","isPartOf":{"@id":"https:\/\/chiquitania-turistica.online\/#website"},"datePublished":"2024-04-24T21:23:48+00:00","dateModified":"2024-09-25T09:05:17+00:00","breadcrumb":{"@id":"https:\/\/chiquitania-turistica.online\/index.php\/historia-orbigny\/#breadcrumb"},"inLanguage":"fr-FR","potentialAction":[{"@type":"ReadAction","target":["https:\/\/chiquitania-turistica.online\/index.php\/historia-orbigny\/"]}]},{"@type":"BreadcrumbList","@id":"https:\/\/chiquitania-turistica.online\/index.php\/historia-orbigny\/#breadcrumb","itemListElement":[{"@type":"ListItem","position":1,"name":"Accueil","item":"https:\/\/chiquitania-turistica.online\/"},{"@type":"ListItem","position":2,"name":"D&rsquo;orbigny y la provincia Chiquitos"}]},{"@type":"WebSite","@id":"https:\/\/chiquitania-turistica.online\/#website","url":"https:\/\/chiquitania-turistica.online\/","name":"chiquitania-turistica.online","description":"Webgu\u00eda de la Chiquitania","publisher":{"@id":"https:\/\/chiquitania-turistica.online\/#organization"},"potentialAction":[{"@type":"SearchAction","target":{"@type":"EntryPoint","urlTemplate":"https:\/\/chiquitania-turistica.online\/?s={search_term_string}"},"query-input":{"@type":"PropertyValueSpecification","valueRequired":true,"valueName":"search_term_string"}}],"inLanguage":"fr-FR"},{"@type":"Organization","@id":"https:\/\/chiquitania-turistica.online\/#organization","name":"chiquitania-turistica.online","url":"https:\/\/chiquitania-turistica.online\/","logo":{"@type":"ImageObject","inLanguage":"fr-FR","@id":"https:\/\/chiquitania-turistica.online\/#\/schema\/logo\/image\/","url":"https:\/\/i0.wp.com\/chiquitania-turistica.online\/wp-content\/uploads\/2024\/04\/cropped-logo.jpg?fit=198%2C138&ssl=1","contentUrl":"https:\/\/i0.wp.com\/chiquitania-turistica.online\/wp-content\/uploads\/2024\/04\/cropped-logo.jpg?fit=198%2C138&ssl=1","width":198,"height":138,"caption":"chiquitania-turistica.online"},"image":{"@id":"https:\/\/chiquitania-turistica.online\/#\/schema\/logo\/image\/"},"sameAs":["https:\/\/www.facebook.com\/INGENIERIA4.0\/","https:\/\/chat.whatsapp.com\/Ci7D06NFHtG9cd3oBZo1iQ"]}]}},"_links":{"self":[{"href":"https:\/\/chiquitania-turistica.online\/index.php\/wp-json\/wp\/v2\/pages\/625","targetHints":{"allow":["GET"]}}],"collection":[{"href":"https:\/\/chiquitania-turistica.online\/index.php\/wp-json\/wp\/v2\/pages"}],"about":[{"href":"https:\/\/chiquitania-turistica.online\/index.php\/wp-json\/wp\/v2\/types\/page"}],"author":[{"embeddable":true,"href":"https:\/\/chiquitania-turistica.online\/index.php\/wp-json\/wp\/v2\/users\/1"}],"replies":[{"embeddable":true,"href":"https:\/\/chiquitania-turistica.online\/index.php\/wp-json\/wp\/v2\/comments?post=625"}],"version-history":[{"count":17,"href":"https:\/\/chiquitania-turistica.online\/index.php\/wp-json\/wp\/v2\/pages\/625\/revisions"}],"predecessor-version":[{"id":828,"href":"https:\/\/chiquitania-turistica.online\/index.php\/wp-json\/wp\/v2\/pages\/625\/revisions\/828"}],"wp:attachment":[{"href":"https:\/\/chiquitania-turistica.online\/index.php\/wp-json\/wp\/v2\/media?parent=625"}],"curies":[{"name":"wp","href":"https:\/\/api.w.org\/{rel}","templated":true}]}}