{"id":616,"date":"2024-04-24T22:53:00","date_gmt":"2024-04-24T20:53:00","guid":{"rendered":"https:\/\/chiquitania-turistica.online\/?page_id=616"},"modified":"2024-09-25T11:04:32","modified_gmt":"2024-09-25T09:04:32","slug":"organizar-su-tour-en-la-chiquitania-2","status":"publish","type":"page","link":"https:\/\/chiquitania-turistica.online\/index.php\/organizar-su-tour-en-la-chiquitania-2\/","title":{"rendered":"Cultura y tradiciones"},"content":{"rendered":"\n<p>La provincia de Chiquitos, ubicada en Bolivia, se caracteriza por su rica cultura, historia y tradiciones arraigadas en la regi\u00f3n. En t\u00e9rminos culturales, Chiquitos es reconocida por su diversidad \u00e9tnica y su legado hist\u00f3rico. La influencia de los pueblos ind\u00edgenas, como los chiquitanos, ha dejado una huella significativa en la identidad cultural de la provincia.<\/p>\n\n\n\n<p>Hist\u00f3ricamente, Chiquitos ha sido escenario de conflictos fronterizos y de interacci\u00f3n entre diferentes grupos \u00e9tnicos. La presencia de misiones jesuitas en la \u00e9poca colonial y republicana ha sido fundamental en la configuraci\u00f3n de la historia de la regi\u00f3n. La llegada de los jesuitas a Chiquitos, su intento de establecer reducciones y la posterior expulsi\u00f3n de la orden en 1767 son eventos clave que han marcado el devenir hist\u00f3rico de la provincia.<\/p>\n\n\n\n<p><\/p>\n\n\n\n<figure class=\"wp-block-embed aligncenter is-type-video is-provider-youtube wp-block-embed-youtube wp-embed-aspect-4-3 wp-has-aspect-ratio\"><div class=\"wp-block-embed__wrapper\">\n<iframe  style=\"display: block; margin: 0px auto;\"  id=\"_ytid_57863\"  width=\"800\" height=\"450\"  data-origwidth=\"800\" data-origheight=\"450\"  data-relstop=\"1\" src=\"https:\/\/www.youtube.com\/embed\/OVNmy-hQ6F8?enablejsapi=1&#038;autoplay=0&#038;cc_load_policy=0&#038;cc_lang_pref=&#038;iv_load_policy=1&#038;loop=0&#038;rel=0&#038;fs=1&#038;playsinline=0&#038;autohide=2&#038;theme=dark&#038;color=red&#038;controls=1&#038;disablekb=0&#038;\" class=\"__youtube_prefs__  epyt-is-override  no-lazyload\" title=\"YouTube player\"  allow=\"fullscreen; accelerometer; autoplay; clipboard-write; encrypted-media; gyroscope; picture-in-picture; web-share\" referrerpolicy=\"strict-origin-when-cross-origin\" allowfullscreen data-no-lazy=\"1\" data-skipgform_ajax_framebjll=\"\"><\/iframe>\n<\/div><\/figure>\n\n\n\n<p>En cuanto a las tradiciones, Chiquitos se destaca por su arte oral, transmitido de generaci\u00f3n en generaci\u00f3n. La tradici\u00f3n oral en la regi\u00f3n es un reflejo de la identidad cultural y del acervo de conocimientos de sus habitantes. Las historias, leyendas y costumbres locales son parte fundamental de la herencia cultural de Chiquitos.<\/p>\n\n\n\n<p>En resumen, la provincia de Chiquitos se distingue por su diversidad cultural, su historia marcada por la presencia de misiones jesuitas y sus arraigadas tradiciones orales. Estos elementos constituyen pilares fundamentales de la identidad de la regi\u00f3n y reflejan la riqueza cultural y patrimonial de Chiquitos en Bolivia.<\/p>\n\n\n\n<figure class=\"wp-block-embed aligncenter is-type-video is-provider-youtube wp-block-embed-youtube wp-embed-aspect-16-9 wp-has-aspect-ratio\"><div class=\"wp-block-embed__wrapper\">\n<iframe  style=\"display: block; margin: 0px auto;\"  id=\"_ytid_32938\"  width=\"800\" height=\"450\"  data-origwidth=\"800\" data-origheight=\"450\"  data-relstop=\"1\" src=\"https:\/\/www.youtube.com\/embed\/anOAT0nAVFU?enablejsapi=1&#038;autoplay=0&#038;cc_load_policy=0&#038;cc_lang_pref=&#038;iv_load_policy=1&#038;loop=0&#038;rel=0&#038;fs=1&#038;playsinline=0&#038;autohide=2&#038;theme=dark&#038;color=red&#038;controls=1&#038;disablekb=0&#038;\" class=\"__youtube_prefs__  epyt-is-override  no-lazyload\" title=\"YouTube player\"  allow=\"fullscreen; accelerometer; autoplay; clipboard-write; encrypted-media; gyroscope; picture-in-picture; web-share\" referrerpolicy=\"strict-origin-when-cross-origin\" allowfullscreen data-no-lazy=\"1\" data-skipgform_ajax_framebjll=\"\"><\/iframe>\n<\/div><\/figure>\n\n\n\n<p>Citations:<br>[1] http:\/\/www.santacruz.gob.bo\/turistica\/provincia\/chiquitos\/index.php<br>[2] https:\/\/horizon.documentation.ird.fr\/exl-doc\/pleins_textes\/divers14-11\/010041190.pdf<br>[3] https:\/\/red.minedu.gob.bo\/repositorio\/fuente\/16670977337644.pdf<br>[4] https:\/\/repositorio.umsa.bo\/bitstream\/handle\/123456789\/18624\/T-5000.pdf?isAllowed=y&amp;sequence=1<br>[5] https:\/\/pib.socioambiental.org\/es\/Povo:Chiquitano<br>[6] https:\/\/biblio.flacsoandes.edu.ec\/libros\/digital\/52852.pdf<\/p>\n","protected":false},"excerpt":{"rendered":"<p>La provincia de Chiquitos, ubicada en Bolivia, se caracteriza por su rica cultura, historia y tradiciones arraigadas en la regi\u00f3n. En t\u00e9rminos culturales, Chiquitos es reconocida por su diversidad \u00e9tnica y su legado hist\u00f3rico. La influencia de los pueblos ind\u00edgenas, como los chiquitanos, ha dejado una huella significativa en la identidad cultural de la provincia. [&hellip;]<\/p>\n","protected":false},"author":1,"featured_media":0,"parent":0,"menu_order":0,"comment_status":"closed","ping_status":"closed","template":"","meta":{"footnotes":""},"class_list":["post-616","page","type-page","status-publish","hentry"],"yoast_head":"<!-- This site is optimized with the Yoast SEO plugin v26.8 - https:\/\/yoast.com\/product\/yoast-seo-wordpress\/ -->\n<title>Cultura y tradiciones - chiquitania-turistica.online<\/title>\n<meta name=\"robots\" content=\"index, follow, max-snippet:-1, max-image-preview:large, max-video-preview:-1\" \/>\n<link rel=\"canonical\" href=\"https:\/\/chiquitania-turistica.online\/index.php\/organizar-su-tour-en-la-chiquitania-2\/\" \/>\n<meta property=\"og:locale\" content=\"fr_FR\" \/>\n<meta property=\"og:type\" content=\"article\" \/>\n<meta property=\"og:title\" content=\"Cultura y tradiciones - chiquitania-turistica.online\" \/>\n<meta property=\"og:description\" content=\"La provincia de Chiquitos, ubicada en Bolivia, se caracteriza por su rica cultura, historia y tradiciones arraigadas en la regi\u00f3n. En t\u00e9rminos culturales, Chiquitos es reconocida por su diversidad \u00e9tnica y su legado hist\u00f3rico. La influencia de los pueblos ind\u00edgenas, como los chiquitanos, ha dejado una huella significativa en la identidad cultural de la provincia. [&hellip;]\" \/>\n<meta property=\"og:url\" content=\"https:\/\/chiquitania-turistica.online\/index.php\/organizar-su-tour-en-la-chiquitania-2\/\" \/>\n<meta property=\"og:site_name\" content=\"chiquitania-turistica.online\" \/>\n<meta property=\"article:publisher\" content=\"https:\/\/www.facebook.com\/INGENIERIA4.0\/\" \/>\n<meta property=\"article:modified_time\" content=\"2024-09-25T09:04:32+00:00\" \/>\n<meta name=\"twitter:card\" content=\"summary_large_image\" \/>\n<meta name=\"twitter:label1\" content=\"Dur\u00e9e de lecture estim\u00e9e\" \/>\n\t<meta name=\"twitter:data1\" content=\"2 minutes\" \/>\n<script type=\"application\/ld+json\" class=\"yoast-schema-graph\">{\"@context\":\"https:\/\/schema.org\",\"@graph\":[{\"@type\":\"WebPage\",\"@id\":\"https:\/\/chiquitania-turistica.online\/index.php\/organizar-su-tour-en-la-chiquitania-2\/\",\"url\":\"https:\/\/chiquitania-turistica.online\/index.php\/organizar-su-tour-en-la-chiquitania-2\/\",\"name\":\"Cultura y tradiciones - chiquitania-turistica.online\",\"isPartOf\":{\"@id\":\"https:\/\/chiquitania-turistica.online\/#website\"},\"datePublished\":\"2024-04-24T20:53:00+00:00\",\"dateModified\":\"2024-09-25T09:04:32+00:00\",\"breadcrumb\":{\"@id\":\"https:\/\/chiquitania-turistica.online\/index.php\/organizar-su-tour-en-la-chiquitania-2\/#breadcrumb\"},\"inLanguage\":\"fr-FR\",\"potentialAction\":[{\"@type\":\"ReadAction\",\"target\":[\"https:\/\/chiquitania-turistica.online\/index.php\/organizar-su-tour-en-la-chiquitania-2\/\"]}]},{\"@type\":\"BreadcrumbList\",\"@id\":\"https:\/\/chiquitania-turistica.online\/index.php\/organizar-su-tour-en-la-chiquitania-2\/#breadcrumb\",\"itemListElement\":[{\"@type\":\"ListItem\",\"position\":1,\"name\":\"Accueil\",\"item\":\"https:\/\/chiquitania-turistica.online\/\"},{\"@type\":\"ListItem\",\"position\":2,\"name\":\"Cultura y tradiciones\"}]},{\"@type\":\"WebSite\",\"@id\":\"https:\/\/chiquitania-turistica.online\/#website\",\"url\":\"https:\/\/chiquitania-turistica.online\/\",\"name\":\"chiquitania-turistica.online\",\"description\":\"Webgu\u00eda de la Chiquitania\",\"publisher\":{\"@id\":\"https:\/\/chiquitania-turistica.online\/#organization\"},\"potentialAction\":[{\"@type\":\"SearchAction\",\"target\":{\"@type\":\"EntryPoint\",\"urlTemplate\":\"https:\/\/chiquitania-turistica.online\/?s={search_term_string}\"},\"query-input\":{\"@type\":\"PropertyValueSpecification\",\"valueRequired\":true,\"valueName\":\"search_term_string\"}}],\"inLanguage\":\"fr-FR\"},{\"@type\":\"Organization\",\"@id\":\"https:\/\/chiquitania-turistica.online\/#organization\",\"name\":\"chiquitania-turistica.online\",\"url\":\"https:\/\/chiquitania-turistica.online\/\",\"logo\":{\"@type\":\"ImageObject\",\"inLanguage\":\"fr-FR\",\"@id\":\"https:\/\/chiquitania-turistica.online\/#\/schema\/logo\/image\/\",\"url\":\"https:\/\/i0.wp.com\/chiquitania-turistica.online\/wp-content\/uploads\/2024\/04\/cropped-logo.jpg?fit=198%2C138&ssl=1\",\"contentUrl\":\"https:\/\/i0.wp.com\/chiquitania-turistica.online\/wp-content\/uploads\/2024\/04\/cropped-logo.jpg?fit=198%2C138&ssl=1\",\"width\":198,\"height\":138,\"caption\":\"chiquitania-turistica.online\"},\"image\":{\"@id\":\"https:\/\/chiquitania-turistica.online\/#\/schema\/logo\/image\/\"},\"sameAs\":[\"https:\/\/www.facebook.com\/INGENIERIA4.0\/\",\"https:\/\/chat.whatsapp.com\/Ci7D06NFHtG9cd3oBZo1iQ\"]}]}<\/script>\n<!-- \/ Yoast SEO plugin. -->","yoast_head_json":{"title":"Cultura y tradiciones - chiquitania-turistica.online","robots":{"index":"index","follow":"follow","max-snippet":"max-snippet:-1","max-image-preview":"max-image-preview:large","max-video-preview":"max-video-preview:-1"},"canonical":"https:\/\/chiquitania-turistica.online\/index.php\/organizar-su-tour-en-la-chiquitania-2\/","og_locale":"fr_FR","og_type":"article","og_title":"Cultura y tradiciones - chiquitania-turistica.online","og_description":"La provincia de Chiquitos, ubicada en Bolivia, se caracteriza por su rica cultura, historia y tradiciones arraigadas en la regi\u00f3n. En t\u00e9rminos culturales, Chiquitos es reconocida por su diversidad \u00e9tnica y su legado hist\u00f3rico. La influencia de los pueblos ind\u00edgenas, como los chiquitanos, ha dejado una huella significativa en la identidad cultural de la provincia. [&hellip;]","og_url":"https:\/\/chiquitania-turistica.online\/index.php\/organizar-su-tour-en-la-chiquitania-2\/","og_site_name":"chiquitania-turistica.online","article_publisher":"https:\/\/www.facebook.com\/INGENIERIA4.0\/","article_modified_time":"2024-09-25T09:04:32+00:00","twitter_card":"summary_large_image","twitter_misc":{"Dur\u00e9e de lecture estim\u00e9e":"2 minutes"},"schema":{"@context":"https:\/\/schema.org","@graph":[{"@type":"WebPage","@id":"https:\/\/chiquitania-turistica.online\/index.php\/organizar-su-tour-en-la-chiquitania-2\/","url":"https:\/\/chiquitania-turistica.online\/index.php\/organizar-su-tour-en-la-chiquitania-2\/","name":"Cultura y tradiciones - chiquitania-turistica.online","isPartOf":{"@id":"https:\/\/chiquitania-turistica.online\/#website"},"datePublished":"2024-04-24T20:53:00+00:00","dateModified":"2024-09-25T09:04:32+00:00","breadcrumb":{"@id":"https:\/\/chiquitania-turistica.online\/index.php\/organizar-su-tour-en-la-chiquitania-2\/#breadcrumb"},"inLanguage":"fr-FR","potentialAction":[{"@type":"ReadAction","target":["https:\/\/chiquitania-turistica.online\/index.php\/organizar-su-tour-en-la-chiquitania-2\/"]}]},{"@type":"BreadcrumbList","@id":"https:\/\/chiquitania-turistica.online\/index.php\/organizar-su-tour-en-la-chiquitania-2\/#breadcrumb","itemListElement":[{"@type":"ListItem","position":1,"name":"Accueil","item":"https:\/\/chiquitania-turistica.online\/"},{"@type":"ListItem","position":2,"name":"Cultura y tradiciones"}]},{"@type":"WebSite","@id":"https:\/\/chiquitania-turistica.online\/#website","url":"https:\/\/chiquitania-turistica.online\/","name":"chiquitania-turistica.online","description":"Webgu\u00eda de la Chiquitania","publisher":{"@id":"https:\/\/chiquitania-turistica.online\/#organization"},"potentialAction":[{"@type":"SearchAction","target":{"@type":"EntryPoint","urlTemplate":"https:\/\/chiquitania-turistica.online\/?s={search_term_string}"},"query-input":{"@type":"PropertyValueSpecification","valueRequired":true,"valueName":"search_term_string"}}],"inLanguage":"fr-FR"},{"@type":"Organization","@id":"https:\/\/chiquitania-turistica.online\/#organization","name":"chiquitania-turistica.online","url":"https:\/\/chiquitania-turistica.online\/","logo":{"@type":"ImageObject","inLanguage":"fr-FR","@id":"https:\/\/chiquitania-turistica.online\/#\/schema\/logo\/image\/","url":"https:\/\/i0.wp.com\/chiquitania-turistica.online\/wp-content\/uploads\/2024\/04\/cropped-logo.jpg?fit=198%2C138&ssl=1","contentUrl":"https:\/\/i0.wp.com\/chiquitania-turistica.online\/wp-content\/uploads\/2024\/04\/cropped-logo.jpg?fit=198%2C138&ssl=1","width":198,"height":138,"caption":"chiquitania-turistica.online"},"image":{"@id":"https:\/\/chiquitania-turistica.online\/#\/schema\/logo\/image\/"},"sameAs":["https:\/\/www.facebook.com\/INGENIERIA4.0\/","https:\/\/chat.whatsapp.com\/Ci7D06NFHtG9cd3oBZo1iQ"]}]}},"_links":{"self":[{"href":"https:\/\/chiquitania-turistica.online\/index.php\/wp-json\/wp\/v2\/pages\/616","targetHints":{"allow":["GET"]}}],"collection":[{"href":"https:\/\/chiquitania-turistica.online\/index.php\/wp-json\/wp\/v2\/pages"}],"about":[{"href":"https:\/\/chiquitania-turistica.online\/index.php\/wp-json\/wp\/v2\/types\/page"}],"author":[{"embeddable":true,"href":"https:\/\/chiquitania-turistica.online\/index.php\/wp-json\/wp\/v2\/users\/1"}],"replies":[{"embeddable":true,"href":"https:\/\/chiquitania-turistica.online\/index.php\/wp-json\/wp\/v2\/comments?post=616"}],"version-history":[{"count":2,"href":"https:\/\/chiquitania-turistica.online\/index.php\/wp-json\/wp\/v2\/pages\/616\/revisions"}],"predecessor-version":[{"id":827,"href":"https:\/\/chiquitania-turistica.online\/index.php\/wp-json\/wp\/v2\/pages\/616\/revisions\/827"}],"wp:attachment":[{"href":"https:\/\/chiquitania-turistica.online\/index.php\/wp-json\/wp\/v2\/media?parent=616"}],"curies":[{"name":"wp","href":"https:\/\/api.w.org\/{rel}","templated":true}]}}